what is -102 + -1211221200?
-1211222002
In base 7, what is -520 + -5106?
-5626
In base 14, what is 1a - -4360?
437a
In base 2, what is -11010100100100100000 - -10?
-11010100100100011110
In base 8, what is 276753 - 0?
276753
In base 12, what is b82 - -18?
b9a
In base 11, what is a2 - 211?
-11a
In base 7, what is 3 - -101615?
101621
In base 5, what is -10300 + 42340?
32040
In base 14, what is -1dd7 + -14?
-200b
In base 3, what is 22 - -1000?
1022
In base 13, what is -9 - -1317?
130b
In base 8, what is -154025 - 1?
-154026
In base 3, what is -11 - 101100111121?
-101100111202
In base 10, what is -4275 + 26?
-4249
In base 11, what is -105 - -3a25?
3920
In base 9, what is -7876 - -46?
-7830
In base 16, what is -1c1 + -1?
-1c2
In base 3, what is -202102200 - 211?
-202110111
In base 6, what is -450202 + 2?
-450200
In base 8, what is 675736 + 3?
675741
In base 13, what is -203b + 18?
-2023
In base 5, what is 104 + -13232?
-13123
In base 15, what is -7e - a79?
-b08
In base 16, what is -59afc0 + -2?
-59afc2
In base 10, what is -69 - 850?
-919
In base 8, what is -1462 + 251?
-1211
In base 12, what is 33 - -10729?
10760
In base 12, what is 1 + 16060?
16061
In base 16, what is -240 + 4?
-23c
In base 15, what is 49 - -61?
aa
In base 16, what is 4 - 2388?
-2384
In base 7, what is -5424 + 20?
-5404
In base 9, what is 506700 + 0?
506700
In base 4, what is -12120 + 10101?
-2013
In base 8, what is 4432 - 226?
4204
In base 3, what is -1101 + -2112?
-10220
In base 12, what is -5 + -3618?
-3621
In base 9, what is -5 + 637207?
637202
In base 9, what is 40 - 12674?
-12634
In base 2, what is -1010011001001110 - 100?
-1010011001010010
In base 11, what is -8 + 493?
486
In base 9, what is -7 + 101331?
101323
In base 10, what is 800 - -8380?
9180
In base 5, what is 22 + 33122?
33144
In base 14, what is d - -15d?
16c
In base 4, what is 12 - -10213131131?
10213131203
In base 6, what is -35332 - 2?
-35334
In base 4, what is 21031 + 20002?
101033
In base 11, what is -37 + -6987?
-6a13
In base 7, what is 133333 + 16?
133352
In base 2, what is 1 + 101101111001001111?
101101111001010000
In base 6, what is 252010 - 1?
252005
In base 16, what is -69c4 - -1a?
-69aa
In base 14, what is -1 - 28448?
-28449
In base 14, what is 30cd4 - -1?
30cd5
In base 10, what is 1 + -41428?
-41427
In base 4, what is 11333 + 103031?
121030
In base 16, what is -32 + 4f0?
4be
In base 6, what is 5 + 251142?
251151
In base 15, what is 5 + 3982?
3987
In base 15, what is -9 - ed0?
-ed9
In base 10, what is 5 - 19403?
-19398
In base 15, what is -10ee - -7?
-10e7
In base 7, what is -15062356 - 2?
-15062361
In base 16, what is a5e + ac?
b0a
In base 9, what is 837521 - 5?
837515
In base 2, what is -101 + 101111011000010?
101111010111101
In base 4, what is -223 + -1?
-230
In base 3, what is -1221002122212 + 2?
-1221002122210
In base 7, what is -53435 + -40?
-53505
In base 9, what is -181 + 63?
-117
In base 15, what is 0 + -2458?
-2458
In base 15, what is -4b7 - 5?
-4bc
In base 2, what is -1110100 + 1011001?
-11011
In base 4, what is -112023320 - 3?
-112023323
In base 6, what is -4 - 12120255?
-12120303
In base 8, what is 3201 - -1276?
4477
In base 9, what is -2442 + -68?
-2521
In base 8, what is -712 - 36?
-750
In base 2, what is -11100 + 1001000111010?
1001000011110
In base 12, what is a903 - -5?
a908
In base 16, what is -6 + 40f9?
40f3
In base 5, what is 142041 + 10?
142101
In base 11, what is 243 + -147?
a7
In base 4, what is -1123012 - 3223?
-1132301
In base 16, what is -31 - -11f5?
11c4
In base 13, what is -1b7 + 63?
-154
In base 6, what is 14 + 105110?
105124
In base 13, what is -5 + -4496a8?
-4496b0
In base 4, what is -13232313100 - 1?
-13232313101
In base 14, what is -16 + a58?
a42
In base 11, what is 95aa5 - 3?
95aa2
In base 4, what is 0 + 1111312?
1111312
In base 12, what is -646 - 4?
-64a
In base 13, what is -49648 - a?
-49655
In base 11, what is -5 - -3113?
3109
In base 13, what is -1c8 - b14?
-100c
In base 2, what is -101100010001100001 - -11?
-101100010001011110
In base 9, what is 28458 - 5?
28453
In base 6, what is -2 + -1111131?
-1111133
In base 5, what is 0 - -114440421?
114440421
In base 3, what is -2 - -2112102?
2112100
In base 12, what is -15934b - -5?
-159346
In base 15, what is 196485 - -3?
196488
In base 9, what is -51368 - -34?
-51334
In base 16, what is 16a5 + 44?
16e9
In base 11, what is -3 + 3a416?
3a413
In base 8, what is 36 + -13505?
-13447
In base 2, what is -10001110000 + -1110010000?
-100000000000
In base 11, what is 4 - 365126?
-365122
In base 14, what is -107a - 439?
-14b5
In base 2, what is 111010101001 - 11?
111010100110
In base 8, what is -143 + 1412?
1247
In base 15, what is -b + -6a?
-76
In base 2, what is -11001101101110111 - -110?
-11001101101110001
In base 11, what is 1a5212 + 1?
1a5213
In base 15, what is -12637 - 6?
-1263d
In base 9, what is 133 + -12352?
-12218
In base 15, what is -30 - e6e?
-e9e
In base 4, what is 131003 - -31133?
222202
In base 14, what is -39bc - 9?
-39c7
In base 8, what is 10 - 10546?
-10536
In base 15, what is -1e6a - 23?
-1e8d
In base 11, what is 75 + -85?
-10
In base 12, what is -34 - -182?
14a
In base 16, what is da52 - -3?
da55
In base 12, what is 14392 + 11?
143a3
In base 4, what is 1203 - -103102?
110311
In base 12, what is -3 + 4975b?
49758
In base 7, what is 2566 - 1024?
1542
In base 9, what is 845 - -61?
1016
In base 13, what is 31bc47 + -2?
31bc45
In base 4, what is -1 + -111123032?
-111123033
In base 9, what is 4 + -1017405?
-1017401
In base 3, what is 2 - 112020212?
-112020210
In base 14, what is 7 + -29b?
-294
In base 14, what is c - -88?
96
In base 11, what is 586 + -3a1?
195
In base 7, what is 2 + 633?
635
In base 16, what is -133 + 22?
-111
In base 12, what is 1a5 + 412?
5b7
In base 15, what is 3274 + 0?
3274
In base 6, what is 130 + -22400?
-22230
In base 7, what is 1210361 - -4?
1210365
In base 5, what is 2 + -132301?
-132244
In base 5, what is 21041 - -30?
21121
In base 4, what is 2303321 - 10?
2303311
In base 5, what is -34 + 10313?
10224
In base 12, what is 2 + 13593?
13595
In base 8, what is -6342425 + -3?
-6342430
In base 10, what is -459306 - 3?
-459309
In base 2, what is 1010111001 + 101010?
1011100011
In base 9, what is 137 + 4134?
4272
In base 9, what is 767 - -604?
1472
In base 12, what is -8 + -1b9b2?
-1b9ba
In base 11, what is -294a - -42a?
-2520
In base 12, what is 23a - 12b0?
-1072
In base 14, what is -2298a + 0?
-2298a
In base 10, what is 1637989 + -3?
1637986
In base 12, what is 6144 - -5?
6149
In base 3, what is -1101 - 2202000?
-2210101
In base 12, what is -3 + -248377?
-24837a
In base 10, what is 1630 + -1813?
-183
In base 14, what is 4674 + -b?
4667
In base 9, what is -134187 + 0?
-134187
In base 9, what is 403 + 22856?
23360
In base 13, what is -4901 + -67?
-4968
In base 6, what is -34204 - -1?
-34203
In base 13, what is -34 + 1480?
1449
In base 4, what is -122212203 - 10?
-122212213
In base 8, what is 3 - -240540?
240543
In base 12, what is -25b8 - -1?
-25b7
In base 15, what is 15b450 - 2?
15b44d
In base 15, what is ee01 - 8?
ede8
In base 15, what is -4 - -5680?
567b
In base 4, what is 22301 - -130230?
213131
In base 12, what is 21 + 28ab?
2910
In base 15, what is -4113 + 54?
-40ae
In base 6, what is 31051513 - -5?
31051522
In base 15, what is 110d0c - 3?
110d09
In base 13, what is -15 + 1a3a?
1a25
In base 6, what is 13353212 - -4?
13353220
In base 16, what is -3 - 13158?
-1315b
In base 2, what is -111 + 100001010110111100110?
100001010110111011111
In base 4, what is 0 - 223123201?
-223123201
In base 16, what is -5 + -8b2b4?
-8b2b9
In base 4, what is 113030 - 221?
112203
In base 3, what is 20010212001020 + -1?
20010212001012
In base 15, what is 2 + -4e61?
-4e5e
In base 8, what is 1 - -1336442?
1336443
In base 10, what is -29243 - 2?
-29245
In base 16, what is 14cb3 + 3?
14cb6
In base 15, what is 1 - 68d4?
-68d3
In base 4, what is -2 + -11001312302?
-11001312310
In base 10, what is 5377 - -1?
5378
In base 8, what is 344 - -5122?
5466
In base 14, what is 9b + 226?
2c3
In base 15, what is -1 - 82061?
-82062
In base 16, what is -777 + 344?
-433
In base 2, what is 1010010 + -110110101?
-101100011
In base 7, what is 2613 - 4264?
-1351
In base 2, what is -101001 + -100111?
-1010000
In base 12, what is -2 + 6536